{"id":3661,"date":"2020-04-16T16:20:35","date_gmt":"2020-04-16T16:20:35","guid":{"rendered":"https:\/\/arcada.evenove-dev1.fr\/?page_id=3661"},"modified":"2020-06-24T20:43:14","modified_gmt":"2020-06-24T20:43:14","slug":"quincaillerie","status":"publish","type":"page","link":"https:\/\/arcada.fr\/Salaise\/quincaillerie\/","title":{"rendered":"Quincaillerie"},"content":{"rendered":"<div class=\"wpb-content-wrapper\"><p>[vc_row full_width=\u00a0\u00bbstretch_row\u00a0\u00bb equal_height=\u00a0\u00bbyes\u00a0\u00bb content_placement=\u00a0\u00bbtop\u00a0\u00bb][vc_column width=\u00a0\u00bb1\/2&Prime; css=\u00a0\u00bb.vc_custom_1585263453354{margin-left: 15px !important;background-color: #fabd42 !important;}\u00a0\u00bb el_class=\u00a0\u00bbbloc-top-bg\u00a0\u00bb][vc_column_text css=\u00a0\u00bb.vc_custom_1587462673313{padding-top: 0px !important;padding-right: 15px !important;padding-bottom: 15px !important;padding-left: 15px !important;}\u00a0\u00bb]<\/p>\n<div class=\"sscat-bloc-top\">\n<p><img loading=\"lazy\" decoding=\"async\" class=\"alignnone wp-image-3113 \" src=\"https:\/\/arcada.fr\/Salaise\/wp-content\/uploads\/2020\/03\/Picto-quincaillerie-blanc.svg\" alt=\"\" width=\"57\" height=\"54\" \/><\/p>\n<p><strong>Droguerie, quincaillerie, peinture<br \/>\n<\/strong><\/p>\n<p><em><i>clous, vis, crochets, tir-fond, charni\u00e8res, cadenas, ferronneries, accroches volets&#8230;etc<\/i><\/em><\/p>\n<p><em>\u00a0<\/em><\/p>\n<\/div>\n<p>[\/vc_column_text][\/vc_column][vc_column width=\u00a0\u00bb1\/2&Prime;][vc_single_image image=\u00a0\u00bb3097&Prime; img_size=\u00a0\u00bbfull\u00a0\u00bb css_animation=\u00a0\u00bbzoomIn\u00a0\u00bb][\/vc_column][\/vc_row][vc_row css=\u00a0\u00bb.vc_custom_1587045628644{padding-top: 40px !important;}\u00a0\u00bb][vc_column][vc_column_text css_animation=\u00a0\u00bbbottom-to-top\u00a0\u00bb]<\/p>\n<h1><span style=\"color: #fabd42;\">Quincaillerie, outillage divers pour bricolage <\/span><\/h1>\n<h2><strong>Large choix de quincaillerie, droguerie, peinture<\/strong><\/h2>\n<p>La <strong>quincaillerie<\/strong> : la rayon incontournable du bricoleur. Dans notre magasin de bricolage Arcada, nous proposons un <strong>rayon <\/strong>pour tous les \u00e9l\u00e9ments de bricolage. D\u00e9couvrez notre s\u00e9lection de vis, clous, rondelles, crochets, \u00e9querres, charni\u00e8re, poign\u00e9es de portes, agrapheuse, anti vol v\u00e9lo, attrape souris, bidon essence, bombe Kemper, cadenas, chevilles, cutter, embouts cuivre, lampe frontale, mastic Soudal, mousqueton, niveau laser, piles, WD-40&#8230;etc<\/p>\n<p>Vous souhaitez am\u00e9liorer la s\u00e9curit\u00e9 de votre habitation, nous proposons des serrures pour vos portes et portes d\u2019entr\u00e9e.[\/vc_column_text][\/vc_column][\/vc_row][vc_row][vc_column][vc_gallery type=\u00a0\u00bbimage_grid\u00a0\u00bb images=\u00a0\u00bb3718,3719,3720,3721,3722,3723,3724,3725,3726,3727,3728,3729,3730,3731,3732,3733,3734,3735,3736,3737&Prime; el_class=\u00a0\u00bbespace-reguliers\u00a0\u00bb][\/vc_column][\/vc_row][vc_row content_placement=\u00a0\u00bbmiddle\u00a0\u00bb css=\u00a0\u00bb.vc_custom_1585236430605{padding-top: 50px !important;padding-right: 25px !important;padding-bottom: 25px !important;padding-left: 25px !important;background-color: #f5f5f5 !important;}\u00a0\u00bb][vc_column width=\u00a0\u00bb2\/3&Prime;][vc_column_text css=\u00a0\u00bb.vc_custom_1585228594739{padding-top: 5px !important;}\u00a0\u00bb]<\/p>\n<h2>VENEZ ESSAYER DANS NOS MAGASINS !<br \/>\n<a href=\"\/contact\">\u2029Davezieux &#8211; salaise-sur-sanne<\/a><\/h2>\n<p>[\/vc_column_text][\/vc_column][vc_column width=\u00a0\u00bb1\/3&Prime;][vc_single_image image=\u00a0\u00bb3298&Prime; img_size=\u00a0\u00bb\u00a0\u00bb alignment=\u00a0\u00bbcenter\u00a0\u00bb][\/vc_column][\/vc_row]<\/p>\n<\/div>","protected":false},"excerpt":{"rendered":"<p>[vc_row full_width=\u00a0\u00bbstretch_row\u00a0\u00bb equal_height=\u00a0\u00bbyes\u00a0\u00bb content_placement=\u00a0\u00bbtop\u00a0\u00bb][vc_column width=\u00a0\u00bb1\/2&Prime; css=\u00a0\u00bb.vc_custom_1585263453354{margin-left: 15px !important;background-color: #fabd42 !important;}\u00a0\u00bb el_class=\u00a0\u00bbbloc-top-bg\u00a0\u00bb][vc_column_text css=\u00a0\u00bb.vc_custom_1587462673313{padding-top: 0px !important;padding-right: 15px !important;padding-bottom: 15px !important;padding-left: 15px !important;}\u00a0\u00bb] Droguerie, quincaillerie, peinture clous, vis, crochets, tir-fond, charni\u00e8res, cadenas, ferronneries,&#8230;<\/p>\n","protected":false},"author":2,"featured_media":0,"parent":0,"menu_order":0,"comment_status":"closed","ping_status":"closed","template":"","meta":{"footnotes":""},"class_list":["post-3661","page","type-page","status-publish","hentry"],"yoast_head":"<!-- This site is optimized with the Yoast SEO plugin v27.2 - https:\/\/yoast.com\/product\/yoast-seo-wordpress\/ -->\n<title>Quincaillerie : vis, clous, anti vol v\u00e9lo, lampe frontale<\/title>\n<meta name=\"description\" content=\"Large choix de quincaillerie au meilleur prix tel que vis, clous, anti vol v\u00e9lo, lampe frontale, mastic Soudal, mousqueton,...etc dans nos magasins de bricolage Salaise sur Sanne et Davezieux.\" \/>\n<meta name=\"robots\" content=\"index, follow, max-snippet:-1, max-image-preview:large, max-video-preview:-1\" \/>\n<link rel=\"canonical\" href=\"https:\/\/arcada.fr\/Salaise\/quincaillerie\/\" \/>\n<meta property=\"og:locale\" content=\"fr_FR\" \/>\n<meta property=\"og:type\" content=\"article\" \/>\n<meta property=\"og:title\" content=\"Quincaillerie : vis, clous, anti vol v\u00e9lo, lampe frontale\" \/>\n<meta property=\"og:description\" content=\"Large choix de quincaillerie au meilleur prix tel que vis, clous, anti vol v\u00e9lo, lampe frontale, mastic Soudal, mousqueton,...etc dans nos magasins de bricolage Salaise sur Sanne et Davezieux.\" \/>\n<meta property=\"og:url\" content=\"https:\/\/arcada.fr\/Salaise\/quincaillerie\/\" \/>\n<meta property=\"og:site_name\" content=\"Magasin de bricolage\" \/>\n<meta property=\"article:modified_time\" content=\"2020-06-24T20:43:14+00:00\" \/>\n<meta name=\"twitter:card\" content=\"summary_large_image\" \/>\n<meta name=\"twitter:label1\" content=\"Dur\u00e9e de lecture estim\u00e9e\" \/>\n\t<meta name=\"twitter:data1\" content=\"1 minute\" \/>\n<script type=\"application\/ld+json\" class=\"yoast-schema-graph\">{\"@context\":\"https:\/\/schema.org\",\"@graph\":[{\"@type\":\"WebPage\",\"@id\":\"https:\/\/arcada.fr\/Salaise\/quincaillerie\/\",\"url\":\"https:\/\/arcada.fr\/Salaise\/quincaillerie\/\",\"name\":\"Quincaillerie : vis, clous, anti vol v\u00e9lo, lampe frontale\",\"isPartOf\":{\"@id\":\"https:\/\/arcada.fr\/Salaise\/#website\"},\"primaryImageOfPage\":{\"@id\":\"https:\/\/arcada.fr\/Salaise\/quincaillerie\/#primaryimage\"},\"image\":{\"@id\":\"https:\/\/arcada.fr\/Salaise\/quincaillerie\/#primaryimage\"},\"thumbnailUrl\":\"https:\/\/arcada.fr\/Salaise\/wp-content\/uploads\/2020\/03\/Picto-quincaillerie-blanc.svg\",\"datePublished\":\"2020-04-16T16:20:35+00:00\",\"dateModified\":\"2020-06-24T20:43:14+00:00\",\"description\":\"Large choix de quincaillerie au meilleur prix tel que vis, clous, anti vol v\u00e9lo, lampe frontale, mastic Soudal, mousqueton,...etc dans nos magasins de bricolage Salaise sur Sanne et Davezieux.\",\"breadcrumb\":{\"@id\":\"https:\/\/arcada.fr\/Salaise\/quincaillerie\/#breadcrumb\"},\"inLanguage\":\"fr-FR\",\"potentialAction\":[{\"@type\":\"ReadAction\",\"target\":[\"https:\/\/arcada.fr\/Salaise\/quincaillerie\/\"]}]},{\"@type\":\"ImageObject\",\"inLanguage\":\"fr-FR\",\"@id\":\"https:\/\/arcada.fr\/Salaise\/quincaillerie\/#primaryimage\",\"url\":\"https:\/\/arcada.fr\/Salaise\/wp-content\/uploads\/2020\/03\/Picto-quincaillerie-blanc.svg\",\"contentUrl\":\"https:\/\/arcada.fr\/Salaise\/wp-content\/uploads\/2020\/03\/Picto-quincaillerie-blanc.svg\",\"width\":38,\"height\":36},{\"@type\":\"BreadcrumbList\",\"@id\":\"https:\/\/arcada.fr\/Salaise\/quincaillerie\/#breadcrumb\",\"itemListElement\":[{\"@type\":\"ListItem\",\"position\":1,\"name\":\"Accueil\",\"item\":\"https:\/\/arcada.fr\/Salaise\/\"},{\"@type\":\"ListItem\",\"position\":2,\"name\":\"Quincaillerie\"}]},{\"@type\":\"WebSite\",\"@id\":\"https:\/\/arcada.fr\/Salaise\/#website\",\"url\":\"https:\/\/arcada.fr\/Salaise\/\",\"name\":\"Magasin de bricolage\",\"description\":\"L&#039;outillage, notre passion !\",\"potentialAction\":[{\"@type\":\"SearchAction\",\"target\":{\"@type\":\"EntryPoint\",\"urlTemplate\":\"https:\/\/arcada.fr\/Salaise\/?s={search_term_string}\"},\"query-input\":{\"@type\":\"PropertyValueSpecification\",\"valueRequired\":true,\"valueName\":\"search_term_string\"}}],\"inLanguage\":\"fr-FR\"}]}<\/script>\n<!-- \/ Yoast SEO plugin. -->","yoast_head_json":{"title":"Quincaillerie : vis, clous, anti vol v\u00e9lo, lampe frontale","description":"Large choix de quincaillerie au meilleur prix tel que vis, clous, anti vol v\u00e9lo, lampe frontale, mastic Soudal, mousqueton,...etc dans nos magasins de bricolage Salaise sur Sanne et Davezieux.","robots":{"index":"index","follow":"follow","max-snippet":"max-snippet:-1","max-image-preview":"max-image-preview:large","max-video-preview":"max-video-preview:-1"},"canonical":"https:\/\/arcada.fr\/Salaise\/quincaillerie\/","og_locale":"fr_FR","og_type":"article","og_title":"Quincaillerie : vis, clous, anti vol v\u00e9lo, lampe frontale","og_description":"Large choix de quincaillerie au meilleur prix tel que vis, clous, anti vol v\u00e9lo, lampe frontale, mastic Soudal, mousqueton,...etc dans nos magasins de bricolage Salaise sur Sanne et Davezieux.","og_url":"https:\/\/arcada.fr\/Salaise\/quincaillerie\/","og_site_name":"Magasin de bricolage","article_modified_time":"2020-06-24T20:43:14+00:00","twitter_card":"summary_large_image","twitter_misc":{"Dur\u00e9e de lecture estim\u00e9e":"1 minute"},"schema":{"@context":"https:\/\/schema.org","@graph":[{"@type":"WebPage","@id":"https:\/\/arcada.fr\/Salaise\/quincaillerie\/","url":"https:\/\/arcada.fr\/Salaise\/quincaillerie\/","name":"Quincaillerie : vis, clous, anti vol v\u00e9lo, lampe frontale","isPartOf":{"@id":"https:\/\/arcada.fr\/Salaise\/#website"},"primaryImageOfPage":{"@id":"https:\/\/arcada.fr\/Salaise\/quincaillerie\/#primaryimage"},"image":{"@id":"https:\/\/arcada.fr\/Salaise\/quincaillerie\/#primaryimage"},"thumbnailUrl":"https:\/\/arcada.fr\/Salaise\/wp-content\/uploads\/2020\/03\/Picto-quincaillerie-blanc.svg","datePublished":"2020-04-16T16:20:35+00:00","dateModified":"2020-06-24T20:43:14+00:00","description":"Large choix de quincaillerie au meilleur prix tel que vis, clous, anti vol v\u00e9lo, lampe frontale, mastic Soudal, mousqueton,...etc dans nos magasins de bricolage Salaise sur Sanne et Davezieux.","breadcrumb":{"@id":"https:\/\/arcada.fr\/Salaise\/quincaillerie\/#breadcrumb"},"inLanguage":"fr-FR","potentialAction":[{"@type":"ReadAction","target":["https:\/\/arcada.fr\/Salaise\/quincaillerie\/"]}]},{"@type":"ImageObject","inLanguage":"fr-FR","@id":"https:\/\/arcada.fr\/Salaise\/quincaillerie\/#primaryimage","url":"https:\/\/arcada.fr\/Salaise\/wp-content\/uploads\/2020\/03\/Picto-quincaillerie-blanc.svg","contentUrl":"https:\/\/arcada.fr\/Salaise\/wp-content\/uploads\/2020\/03\/Picto-quincaillerie-blanc.svg","width":38,"height":36},{"@type":"BreadcrumbList","@id":"https:\/\/arcada.fr\/Salaise\/quincaillerie\/#breadcrumb","itemListElement":[{"@type":"ListItem","position":1,"name":"Accueil","item":"https:\/\/arcada.fr\/Salaise\/"},{"@type":"ListItem","position":2,"name":"Quincaillerie"}]},{"@type":"WebSite","@id":"https:\/\/arcada.fr\/Salaise\/#website","url":"https:\/\/arcada.fr\/Salaise\/","name":"Magasin de bricolage","description":"L&#039;outillage, notre passion !","potentialAction":[{"@type":"SearchAction","target":{"@type":"EntryPoint","urlTemplate":"https:\/\/arcada.fr\/Salaise\/?s={search_term_string}"},"query-input":{"@type":"PropertyValueSpecification","valueRequired":true,"valueName":"search_term_string"}}],"inLanguage":"fr-FR"}]}},"_links":{"self":[{"href":"https:\/\/arcada.fr\/Salaise\/wp-json\/wp\/v2\/pages\/3661","targetHints":{"allow":["GET"]}}],"collection":[{"href":"https:\/\/arcada.fr\/Salaise\/wp-json\/wp\/v2\/pages"}],"about":[{"href":"https:\/\/arcada.fr\/Salaise\/wp-json\/wp\/v2\/types\/page"}],"author":[{"embeddable":true,"href":"https:\/\/arcada.fr\/Salaise\/wp-json\/wp\/v2\/users\/2"}],"replies":[{"embeddable":true,"href":"https:\/\/arcada.fr\/Salaise\/wp-json\/wp\/v2\/comments?post=3661"}],"version-history":[{"count":0,"href":"https:\/\/arcada.fr\/Salaise\/wp-json\/wp\/v2\/pages\/3661\/revisions"}],"wp:attachment":[{"href":"https:\/\/arcada.fr\/Salaise\/wp-json\/wp\/v2\/media?parent=3661"}],"curies":[{"name":"wp","href":"https:\/\/api.w.org\/{rel}","templated":true}]}}