{"id":3670,"date":"2020-04-17T13:39:18","date_gmt":"2020-04-17T13:39:18","guid":{"rendered":"https:\/\/arcada.evenove-dev1.fr\/?page_id=3670"},"modified":"2023-03-02T13:42:06","modified_gmt":"2023-03-02T13:42:06","slug":"baches","status":"publish","type":"page","link":"https:\/\/arcada.fr\/Salaise\/jardin\/baches\/","title":{"rendered":"B\u00e2ches"},"content":{"rendered":"<div class=\"wpb-content-wrapper\"><p>[vc_row full_width=\u00a0\u00bbstretch_row\u00a0\u00bb equal_height=\u00a0\u00bbyes\u00a0\u00bb content_placement=\u00a0\u00bbtop\u00a0\u00bb][vc_column width=\u00a0\u00bb1\/2&Prime; css=\u00a0\u00bb.vc_custom_1585263453354{margin-left: 15px !important;background-color: #fabd42 !important;}\u00a0\u00bb el_class=\u00a0\u00bbbloc-top-bg\u00a0\u00bb][vc_column_text css=\u00a0\u00bb.vc_custom_1587462283094{padding-top: 0px !important;padding-right: 15px !important;padding-bottom: 15px !important;padding-left: 15px !important;}\u00a0\u00bb]<\/p>\n<div class=\"sscat-bloc-top\">\n<p><img loading=\"lazy\" decoding=\"async\" class=\"alignnone wp-image-3953 \" src=\"https:\/\/arcada.fr\/Salaise\/wp-content\/uploads\/2020\/04\/bache.svg\" alt=\"\" width=\"57\" height=\"57\" \/><\/p>\n<p><strong>B\u00e2ches<br \/>\n<\/strong><\/p>\n<p><em><i>B\u00e2ches l\u00e9g\u00e8res, \u00e9paisses, industrielles, multifonctions, anti-uv, b\u00e2ches techniques&#8230;etc<\/i><\/em><\/p>\n<p><em>\u00a0<\/em><\/p>\n<p><em>\u00a0<\/em><\/p>\n<\/div>\n<p>[\/vc_column_text][\/vc_column][vc_column width=\u00a0\u00bb1\/2&Prime;][vc_single_image image=\u00a0\u00bb4434&Prime; img_size=\u00a0\u00bbfull\u00a0\u00bb css_animation=\u00a0\u00bbzoomIn\u00a0\u00bb][\/vc_column][\/vc_row][vc_row css=\u00a0\u00bb.vc_custom_1587045628644{padding-top: 40px !important;}\u00a0\u00bb][vc_column][vc_column_text css_animation=\u00a0\u00bbbottom-to-top\u00a0\u00bb]<\/p>\n<h1><span style=\"color: #fabd42;\">Prot\u00e9gez vos \u00e9quipements ext\u00e9rieurs de la pluie et du soleil avec nos b\u00e2ches<\/span><\/h1>\n<p>Chez Aracada, nous avons une vision sur le long terme et on retrouve cette dynamique dans nos produits. Les b\u00e2ches que nous proposons sont l\u00e0 pour prot\u00e9ger vos accessoires et divers produits confront\u00e9s aux intemp\u00e9ries comme la pluie et le soleil. Ces protections vont prolonger la dur\u00e9e d\u2019utilisation de vos \u00e9quipements pour des ann\u00e9es.<\/p>\n<p>Nous proposons une gamme tr\u00e8s vaste de b\u00e2ches d\u2019ext\u00e9rieur (avec possibilit\u00e9 d\u2019un usage int\u00e9rieur), aux technologie adapt\u00e9es \u00e0 chaque situation et s\u2019adaptant \u00e0 de nombreux \u00e9quipements tel que votre barbecue, tondeuse, tracteur, chaise longue. Nous proposons des b\u00e2ches techniques Anti-UV qui augmentent la dur\u00e9e de vie de vos \u00e9quipements soumis au soleil.[\/vc_column_text][\/vc_column][\/vc_row][vc_row][vc_column]<div class=\"mgt-header-block clearfix text-left text-black wpb_content_element  mgt-header-block-style-1 mgt-header-texttransform-header \"><h2 class=\"mgt-header-block-title\">B\u00e2ches<\/h2><p class=\"mgt-header-block-subtitle\">L\u00e9g\u00e8res, \u00e9paisses, industrielles, multi-fonctions, 100% PVC<\/p><div class=\"mgt-header-line\"><\/div><\/div>[vc_carousel_father theme=\u00a0\u00bbcontent-over-slider\u00a0\u00bb autoplay=\u00a0\u00bbfalse\u00a0\u00bb speed=\u00a0\u00bb3000&Prime; spaces=\u00a0\u00bb30&Prime; slide_visible=\u00a0\u00bb4&Prime; tabs=\u00a0\u00bb3&Prime; slide_scroll=\u00a0\u00bb4&Prime; dotclr=\u00a0\u00bb#fabd42&Prime; padding=\u00a0\u00bb25px\u00a0\u00bb][vc_carousel_son popup=\u00a0\u00bbimages\u00a0\u00bb image_id=\u00a0\u00bb3671&Prime; caption_url=\u00a0\u00bburl:%2Fwp-content%2Fuploads%2F2020%2F04%2Fbache-bleu-oeillet-simple.jpg|||\u00a0\u00bb][\/vc_carousel_son][vc_carousel_son popup=\u00a0\u00bbimages\u00a0\u00bb image_id=\u00a0\u00bb3672&Prime; caption_url=\u00a0\u00bburl:%2Fwp-content%2Fuploads%2F2020%2F04%2Fbache-bleu-oeillets.jpg|||\u00a0\u00bb][\/vc_carousel_son][vc_carousel_son popup=\u00a0\u00bbimages\u00a0\u00bb image_id=\u00a0\u00bb3677&Prime; caption_url=\u00a0\u00bburl:%2Fwp-content%2Fuploads%2F2020%2F04%2Fbache-verte.jpg|||\u00a0\u00bb][\/vc_carousel_son][vc_carousel_son popup=\u00a0\u00bbimages\u00a0\u00bb image_id=\u00a0\u00bb3676&Prime; caption_url=\u00a0\u00bburl:%2Fwp-content%2Fuploads%2F2020%2F04%2Fbache-verte-oeillets-renforcee.jpg|||\u00a0\u00bb][\/vc_carousel_son][vc_carousel_son popup=\u00a0\u00bbimages\u00a0\u00bb image_id=\u00a0\u00bb3674&Prime; caption_url=\u00a0\u00bburl:%2Fwp-content%2Fuploads%2F2020%2F04%2Fbache-polyethylene-tresse.jpg|||\u00a0\u00bb][\/vc_carousel_son][vc_carousel_son popup=\u00a0\u00bbimages\u00a0\u00bb image_id=\u00a0\u00bb3673&Prime; caption_url=\u00a0\u00bburl:%2Fwp-content%2Fuploads%2F2020%2F04%2Fbache-exterieur.jpg|||\u00a0\u00bb][\/vc_carousel_son][vc_carousel_son popup=\u00a0\u00bbimages\u00a0\u00bb image_id=\u00a0\u00bb3675&Prime; caption_url=\u00a0\u00bburl:%2Fwp-content%2Fuploads%2F2020%2F04%2Fbache-transparente.jpg|||\u00a0\u00bb][\/vc_carousel_son][\/vc_carousel_father][\/vc_column][\/vc_row][vc_row][vc_column]<div class=\"mgt-header-block clearfix text-left text-black wpb_content_element  mgt-header-block-style-1 mgt-header-texttransform-header \"><h2 class=\"mgt-header-block-title\">Housse de protection ext\u00e9rieur<\/h2><p class=\"mgt-header-block-subtitle\">Housses Eco-Platinium<\/p><div class=\"mgt-header-line\"><\/div><\/div>[vc_carousel_father theme=\u00a0\u00bbcontent-over-slider\u00a0\u00bb autoplay=\u00a0\u00bbfalse\u00a0\u00bb speed=\u00a0\u00bb3000&Prime; spaces=\u00a0\u00bb30&Prime; slide_visible=\u00a0\u00bb4&Prime; tabs=\u00a0\u00bb3&Prime; slide_scroll=\u00a0\u00bb4&Prime; dotclr=\u00a0\u00bb#fabd42&Prime; padding=\u00a0\u00bb25px\u00a0\u00bb][vc_carousel_son popup=\u00a0\u00bbimages\u00a0\u00bb image_id=\u00a0\u00bb3681&Prime; caption_url=\u00a0\u00bburl:%2Fwp-content%2Fuploads%2F2020%2F04%2Fbache-voiture.jpg|||\u00a0\u00bb][\/vc_carousel_son][vc_carousel_son popup=\u00a0\u00bbimages\u00a0\u00bb image_id=\u00a0\u00bb3682&Prime; caption_url=\u00a0\u00bburl:%2Fwp-content%2Fuploads%2F2020%2F04%2FHousse-anti-uv-barbecue.jpg|||\u00a0\u00bb][\/vc_carousel_son][vc_carousel_son popup=\u00a0\u00bbimages\u00a0\u00bb image_id=\u00a0\u00bb3683&Prime; caption_url=\u00a0\u00bburl:%2Fwp-content%2Fuploads%2F2020%2F04%2FHousse-anti-uv-chaises-jardin.jpg|||\u00a0\u00bb][\/vc_carousel_son][vc_carousel_son popup=\u00a0\u00bbimages\u00a0\u00bb image_id=\u00a0\u00bb3684&Prime; caption_url=\u00a0\u00bburl:%2Fwp-content%2Fuploads%2F2020%2F04%2Fhousse-protection-exterieur-barbecue.jpg|||\u00a0\u00bb][\/vc_carousel_son][vc_carousel_son popup=\u00a0\u00bbimages\u00a0\u00bb image_id=\u00a0\u00bb3686&Prime; caption_url=\u00a0\u00bburl:%2Fwp-content%2Fuploads%2F2020%2F04%2Fhousse-protection-parasol.jpg|||\u00a0\u00bb][\/vc_carousel_son][vc_carousel_son popup=\u00a0\u00bbimages\u00a0\u00bb image_id=\u00a0\u00bb3687&Prime; caption_url=\u00a0\u00bburl:%2Fwp-content%2Fuploads%2F2020%2F04%2Fhousse-protection-table-et-chaise-de-jardin.jpg|||\u00a0\u00bb][\/vc_carousel_son][vc_carousel_son popup=\u00a0\u00bbimages\u00a0\u00bb image_id=\u00a0\u00bb3688&Prime; caption_url=\u00a0\u00bburl:%2Fwp-content%2Fuploads%2F2020%2F04%2Fhousse-protection-tondeuse.jpg|||\u00a0\u00bb][\/vc_carousel_son][vc_carousel_son popup=\u00a0\u00bbimages\u00a0\u00bb image_id=\u00a0\u00bb3689&Prime; caption_url=\u00a0\u00bburl:%2Fwp-content%2Fuploads%2F2020%2F04%2Fhousse-protection-uv-tracteur.jpg|||\u00a0\u00bb][\/vc_carousel_son][\/vc_carousel_father][\/vc_column][\/vc_row][vc_row][vc_column]<div class=\"mgt-header-block clearfix text-left text-black wpb_content_element  mgt-header-block-style-1 mgt-header-texttransform-header \"><h3 class=\"mgt-header-block-title\">Marques de b\u00e2ches disponibles chez Arcada<\/h3><div class=\"mgt-header-line\"><\/div><\/div>[vc_carousel_father theme=\u00a0\u00bbcontent-over-slider\u00a0\u00bb autoplay=\u00a0\u00bbfalse\u00a0\u00bb speed=\u00a0\u00bb3000&Prime; spaces=\u00a0\u00bb30&Prime; slide_visible=\u00a0\u00bb2&Prime; tabs=\u00a0\u00bb2&Prime; slide_scroll=\u00a0\u00bb4&Prime; dotclr=\u00a0\u00bb#fabd42&Prime; padding=\u00a0\u00bb25px\u00a0\u00bb][vc_carousel_son popup=\u00a0\u00bbimages\u00a0\u00bb image_id=\u00a0\u00bb3692&Prime; caption_url=\u00a0\u00bburl:%2Fwp-content%2Fuploads%2F2020%2F04%2Fapf-logo.jpg|||\u00a0\u00bb][\/vc_carousel_son][vc_carousel_son popup=\u00a0\u00bbimages\u00a0\u00bb image_id=\u00a0\u00bb3693&Prime; caption_url=\u00a0\u00bburl:%2Fwp-content%2Fuploads%2F2020%2F04%2Fsodepm-logo.jpg|||\u00a0\u00bb][\/vc_carousel_son][\/vc_carousel_father][\/vc_column][\/vc_row][vc_row content_placement=\u00a0\u00bbmiddle\u00a0\u00bb css=\u00a0\u00bb.vc_custom_1585236430605{padding-top: 50px !important;padding-right: 25px !important;padding-bottom: 25px !important;padding-left: 25px !important;background-color: #f5f5f5 !important;}\u00a0\u00bb][vc_column width=\u00a0\u00bb2\/3&Prime;][vc_column_text css=\u00a0\u00bb.vc_custom_1585228594739{padding-top: 5px !important;}\u00a0\u00bb]<\/p>\n<h2><span style=\"color: #2a2f35;\">VENEZ ESSAYER DANS NOS MAGASINS !<\/span><br \/>\n<a href=\"\/contact\"><span style=\"color: #fabd42;\">\u2029Davezieux &#8211; salaise-sur-sanne<\/span><\/a><\/h2>\n<p>[\/vc_column_text][\/vc_column][vc_column width=\u00a0\u00bb1\/3&Prime;][vc_single_image image=\u00a0\u00bb3298&Prime; img_size=\u00a0\u00bb\u00a0\u00bb alignment=\u00a0\u00bbcenter\u00a0\u00bb][\/vc_column][\/vc_row]<\/p>\n<\/div>","protected":false},"excerpt":{"rendered":"<p>[vc_row full_width=\u00a0\u00bbstretch_row\u00a0\u00bb equal_height=\u00a0\u00bbyes\u00a0\u00bb content_placement=\u00a0\u00bbtop\u00a0\u00bb][vc_column width=\u00a0\u00bb1\/2&Prime; css=\u00a0\u00bb.vc_custom_1585263453354{margin-left: 15px !important;background-color: #fabd42 !important;}\u00a0\u00bb el_class=\u00a0\u00bbbloc-top-bg\u00a0\u00bb][vc_column_text css=\u00a0\u00bb.vc_custom_1587462283094{padding-top: 0px !important;padding-right: 15px !important;padding-bottom: 15px !important;padding-left: 15px !important;}\u00a0\u00bb] B\u00e2ches B\u00e2ches l\u00e9g\u00e8res, \u00e9paisses, industrielles, multifonctions, anti-uv, b\u00e2ches techniques&#8230;etc \u00a0&#8230;<\/p>\n","protected":false},"author":2,"featured_media":0,"parent":3657,"menu_order":0,"comment_status":"closed","ping_status":"closed","template":"","meta":{"footnotes":""},"class_list":["post-3670","page","type-page","status-publish","hentry"],"yoast_head":"<!-- This site is optimized with the Yoast SEO plugin v27.2 - https:\/\/yoast.com\/product\/yoast-seo-wordpress\/ -->\n<title>B\u00e2ches | Magasin de bricolage<\/title>\n<meta name=\"robots\" content=\"index, follow, max-snippet:-1, max-image-preview:large, max-video-preview:-1\" \/>\n<link rel=\"canonical\" href=\"https:\/\/arcada.fr\/Salaise\/jardin\/baches\/\" \/>\n<meta property=\"og:locale\" content=\"fr_FR\" \/>\n<meta property=\"og:type\" content=\"article\" \/>\n<meta property=\"og:title\" content=\"B\u00e2ches | Magasin de bricolage\" \/>\n<meta property=\"og:description\" content=\"[vc_row full_width=\u00a0\u00bbstretch_row\u00a0\u00bb equal_height=\u00a0\u00bbyes\u00a0\u00bb content_placement=\u00a0\u00bbtop\u00a0\u00bb][vc_column width=\u00a0\u00bb1\/2&Prime; css=\u00a0\u00bb.vc_custom_1585263453354{margin-left: 15px !important;background-color: #fabd42 !important;}\u00a0\u00bb el_class=\u00a0\u00bbbloc-top-bg\u00a0\u00bb][vc_column_text css=\u00a0\u00bb.vc_custom_1587462283094{padding-top: 0px !important;padding-right: 15px !important;padding-bottom: 15px !important;padding-left: 15px !important;}\u00a0\u00bb] B\u00e2ches B\u00e2ches l\u00e9g\u00e8res, \u00e9paisses, industrielles, multifonctions, anti-uv, b\u00e2ches techniques&#8230;etc \u00a0...\" \/>\n<meta property=\"og:url\" content=\"https:\/\/arcada.fr\/Salaise\/jardin\/baches\/\" \/>\n<meta property=\"og:site_name\" content=\"Magasin de bricolage\" \/>\n<meta property=\"article:modified_time\" content=\"2023-03-02T13:42:06+00:00\" \/>\n<meta property=\"og:image\" content=\"https:\/\/arcada.fr\/Salaise\/wp-content\/uploads\/2020\/04\/bache.svg\" \/>\n<meta name=\"twitter:card\" content=\"summary_large_image\" \/>\n<meta name=\"twitter:label1\" content=\"Dur\u00e9e de lecture estim\u00e9e\" \/>\n\t<meta name=\"twitter:data1\" content=\"2 minutes\" \/>\n<script type=\"application\/ld+json\" class=\"yoast-schema-graph\">{\"@context\":\"https:\/\/schema.org\",\"@graph\":[{\"@type\":\"WebPage\",\"@id\":\"https:\/\/arcada.fr\/Salaise\/jardin\/baches\/\",\"url\":\"https:\/\/arcada.fr\/Salaise\/jardin\/baches\/\",\"name\":\"B\u00e2ches | Magasin de bricolage\",\"isPartOf\":{\"@id\":\"https:\/\/arcada.fr\/Salaise\/#website\"},\"primaryImageOfPage\":{\"@id\":\"https:\/\/arcada.fr\/Salaise\/jardin\/baches\/#primaryimage\"},\"image\":{\"@id\":\"https:\/\/arcada.fr\/Salaise\/jardin\/baches\/#primaryimage\"},\"thumbnailUrl\":\"https:\/\/arcada.fr\/Salaise\/wp-content\/uploads\/2020\/04\/bache.svg\",\"datePublished\":\"2020-04-17T13:39:18+00:00\",\"dateModified\":\"2023-03-02T13:42:06+00:00\",\"breadcrumb\":{\"@id\":\"https:\/\/arcada.fr\/Salaise\/jardin\/baches\/#breadcrumb\"},\"inLanguage\":\"fr-FR\",\"potentialAction\":[{\"@type\":\"ReadAction\",\"target\":[\"https:\/\/arcada.fr\/Salaise\/jardin\/baches\/\"]}]},{\"@type\":\"ImageObject\",\"inLanguage\":\"fr-FR\",\"@id\":\"https:\/\/arcada.fr\/Salaise\/jardin\/baches\/#primaryimage\",\"url\":\"https:\/\/arcada.fr\/Salaise\/wp-content\/uploads\/2020\/04\/bache.svg\",\"contentUrl\":\"https:\/\/arcada.fr\/Salaise\/wp-content\/uploads\/2020\/04\/bache.svg\",\"width\":93,\"height\":93},{\"@type\":\"BreadcrumbList\",\"@id\":\"https:\/\/arcada.fr\/Salaise\/jardin\/baches\/#breadcrumb\",\"itemListElement\":[{\"@type\":\"ListItem\",\"position\":1,\"name\":\"Accueil\",\"item\":\"https:\/\/arcada.fr\/Salaise\/\"},{\"@type\":\"ListItem\",\"position\":2,\"name\":\"Jardin\",\"item\":\"https:\/\/arcada.fr\/Salaise\/jardin\/\"},{\"@type\":\"ListItem\",\"position\":3,\"name\":\"B\u00e2ches\"}]},{\"@type\":\"WebSite\",\"@id\":\"https:\/\/arcada.fr\/Salaise\/#website\",\"url\":\"https:\/\/arcada.fr\/Salaise\/\",\"name\":\"Magasin de bricolage\",\"description\":\"L&#039;outillage, notre passion !\",\"potentialAction\":[{\"@type\":\"SearchAction\",\"target\":{\"@type\":\"EntryPoint\",\"urlTemplate\":\"https:\/\/arcada.fr\/Salaise\/?s={search_term_string}\"},\"query-input\":{\"@type\":\"PropertyValueSpecification\",\"valueRequired\":true,\"valueName\":\"search_term_string\"}}],\"inLanguage\":\"fr-FR\"}]}<\/script>\n<!-- \/ Yoast SEO plugin. -->","yoast_head_json":{"title":"B\u00e2ches | Magasin de bricolage","robots":{"index":"index","follow":"follow","max-snippet":"max-snippet:-1","max-image-preview":"max-image-preview:large","max-video-preview":"max-video-preview:-1"},"canonical":"https:\/\/arcada.fr\/Salaise\/jardin\/baches\/","og_locale":"fr_FR","og_type":"article","og_title":"B\u00e2ches | Magasin de bricolage","og_description":"[vc_row full_width=\u00a0\u00bbstretch_row\u00a0\u00bb equal_height=\u00a0\u00bbyes\u00a0\u00bb content_placement=\u00a0\u00bbtop\u00a0\u00bb][vc_column width=\u00a0\u00bb1\/2&Prime; css=\u00a0\u00bb.vc_custom_1585263453354{margin-left: 15px !important;background-color: #fabd42 !important;}\u00a0\u00bb el_class=\u00a0\u00bbbloc-top-bg\u00a0\u00bb][vc_column_text css=\u00a0\u00bb.vc_custom_1587462283094{padding-top: 0px !important;padding-right: 15px !important;padding-bottom: 15px !important;padding-left: 15px !important;}\u00a0\u00bb] B\u00e2ches B\u00e2ches l\u00e9g\u00e8res, \u00e9paisses, industrielles, multifonctions, anti-uv, b\u00e2ches techniques&#8230;etc \u00a0...","og_url":"https:\/\/arcada.fr\/Salaise\/jardin\/baches\/","og_site_name":"Magasin de bricolage","article_modified_time":"2023-03-02T13:42:06+00:00","og_image":[{"url":"https:\/\/arcada.fr\/Salaise\/wp-content\/uploads\/2020\/04\/bache.svg","type":"","width":"","height":""}],"twitter_card":"summary_large_image","twitter_misc":{"Dur\u00e9e de lecture estim\u00e9e":"2 minutes"},"schema":{"@context":"https:\/\/schema.org","@graph":[{"@type":"WebPage","@id":"https:\/\/arcada.fr\/Salaise\/jardin\/baches\/","url":"https:\/\/arcada.fr\/Salaise\/jardin\/baches\/","name":"B\u00e2ches | Magasin de bricolage","isPartOf":{"@id":"https:\/\/arcada.fr\/Salaise\/#website"},"primaryImageOfPage":{"@id":"https:\/\/arcada.fr\/Salaise\/jardin\/baches\/#primaryimage"},"image":{"@id":"https:\/\/arcada.fr\/Salaise\/jardin\/baches\/#primaryimage"},"thumbnailUrl":"https:\/\/arcada.fr\/Salaise\/wp-content\/uploads\/2020\/04\/bache.svg","datePublished":"2020-04-17T13:39:18+00:00","dateModified":"2023-03-02T13:42:06+00:00","breadcrumb":{"@id":"https:\/\/arcada.fr\/Salaise\/jardin\/baches\/#breadcrumb"},"inLanguage":"fr-FR","potentialAction":[{"@type":"ReadAction","target":["https:\/\/arcada.fr\/Salaise\/jardin\/baches\/"]}]},{"@type":"ImageObject","inLanguage":"fr-FR","@id":"https:\/\/arcada.fr\/Salaise\/jardin\/baches\/#primaryimage","url":"https:\/\/arcada.fr\/Salaise\/wp-content\/uploads\/2020\/04\/bache.svg","contentUrl":"https:\/\/arcada.fr\/Salaise\/wp-content\/uploads\/2020\/04\/bache.svg","width":93,"height":93},{"@type":"BreadcrumbList","@id":"https:\/\/arcada.fr\/Salaise\/jardin\/baches\/#breadcrumb","itemListElement":[{"@type":"ListItem","position":1,"name":"Accueil","item":"https:\/\/arcada.fr\/Salaise\/"},{"@type":"ListItem","position":2,"name":"Jardin","item":"https:\/\/arcada.fr\/Salaise\/jardin\/"},{"@type":"ListItem","position":3,"name":"B\u00e2ches"}]},{"@type":"WebSite","@id":"https:\/\/arcada.fr\/Salaise\/#website","url":"https:\/\/arcada.fr\/Salaise\/","name":"Magasin de bricolage","description":"L&#039;outillage, notre passion !","potentialAction":[{"@type":"SearchAction","target":{"@type":"EntryPoint","urlTemplate":"https:\/\/arcada.fr\/Salaise\/?s={search_term_string}"},"query-input":{"@type":"PropertyValueSpecification","valueRequired":true,"valueName":"search_term_string"}}],"inLanguage":"fr-FR"}]}},"_links":{"self":[{"href":"https:\/\/arcada.fr\/Salaise\/wp-json\/wp\/v2\/pages\/3670","targetHints":{"allow":["GET"]}}],"collection":[{"href":"https:\/\/arcada.fr\/Salaise\/wp-json\/wp\/v2\/pages"}],"about":[{"href":"https:\/\/arcada.fr\/Salaise\/wp-json\/wp\/v2\/types\/page"}],"author":[{"embeddable":true,"href":"https:\/\/arcada.fr\/Salaise\/wp-json\/wp\/v2\/users\/2"}],"replies":[{"embeddable":true,"href":"https:\/\/arcada.fr\/Salaise\/wp-json\/wp\/v2\/comments?post=3670"}],"version-history":[{"count":0,"href":"https:\/\/arcada.fr\/Salaise\/wp-json\/wp\/v2\/pages\/3670\/revisions"}],"up":[{"embeddable":true,"href":"https:\/\/arcada.fr\/Salaise\/wp-json\/wp\/v2\/pages\/3657"}],"wp:attachment":[{"href":"https:\/\/arcada.fr\/Salaise\/wp-json\/wp\/v2\/media?parent=3670"}],"curies":[{"name":"wp","href":"https:\/\/api.w.org\/{rel}","templated":true}]}}