{"id":6064,"date":"2024-05-07T14:08:12","date_gmt":"2024-05-07T14:08:12","guid":{"rendered":"https:\/\/arcada.fr\/Salaise\/product\/coffret-de-tarauds-filieres-et-porte-outils-16-pieces\/"},"modified":"2024-05-07T14:38:20","modified_gmt":"2024-05-07T14:38:20","slug":"coffret-de-tarauds-filieres-et-porte-outils-16-pieces","status":"publish","type":"product","link":"https:\/\/arcada.fr\/Salaise\/product\/coffret-de-tarauds-filieres-et-porte-outils-16-pieces\/","title":{"rendered":"COFFRET DE TARAUDS, FILI\u00c8RES ET PORTE-OUTILS &#8211; 16 PI\u00c8CES"},"content":{"rendered":"","protected":false},"excerpt":{"rendered":"<p>Coffret tarauds et fili\u00e8res<br \/>Acier \u00e0 haute teneur en carbone SK5. 7 tarauds (M3x0.5, M4x0.7, M5x0.8, M6x1.0, M8x1.25, M10x1.5, M12x1.75). 7 fili\u00e8res (M3x0.5, M4x0.7, M5x0.8, M6x1.0, M8x1.25, M10x1.5, M12x1.75). 1 porte-fili\u00e8res (25mm). 1 tourne-\u00e0 gauche (M3~M12). 1 tournevis plat pour le serrage des fili\u00e8res. 1 jauge \u00e0 filet.<br \/><button type=submit\"><a href=\"\/wp-content\/uploads\/fich-tech\/R126030.pdf\" target=\"_blank\" rel=\"noopener\">Fiche Technique<\/a><\/button><\/p>\n","protected":false},"featured_media":6063,"comment_status":"open","ping_status":"closed","template":"","meta":[],"product_brand":[],"product_cat":[67],"product_tag":[],"class_list":{"0":"post-6064","1":"product","2":"type-product","3":"status-publish","4":"has-post-thumbnail","6":"product_cat-atelier","8":"first","9":"instock","10":"shipping-taxable","11":"purchasable","12":"product-type-simple"},"yoast_head":"<!-- This site is optimized with the Yoast SEO plugin v27.2 - https:\/\/yoast.com\/product\/yoast-seo-wordpress\/ -->\n<title>COFFRET DE TARAUDS, FILI\u00c8RES ET PORTE-OUTILS - 16 PI\u00c8CES | Magasin de bricolage<\/title>\n<meta name=\"robots\" content=\"index, follow, max-snippet:-1, max-image-preview:large, max-video-preview:-1\" \/>\n<link rel=\"canonical\" href=\"https:\/\/arcada.fr\/Salaise\/product\/coffret-de-tarauds-filieres-et-porte-outils-16-pieces\/\" \/>\n<meta property=\"og:locale\" content=\"fr_FR\" \/>\n<meta property=\"og:type\" content=\"article\" \/>\n<meta property=\"og:title\" content=\"COFFRET DE TARAUDS, FILI\u00c8RES ET PORTE-OUTILS - 16 PI\u00c8CES | Magasin de bricolage\" \/>\n<meta property=\"og:description\" content=\"Coffret tarauds et fili\u00e8resAcier \u00e0 haute teneur en carbone SK5. 7 tarauds (M3x0.5, M4x0.7, M5x0.8, M6x1.0, M8x1.25, M10x1.5, M12x1.75). 7 fili\u00e8res (M3x0.5, M4x0.7, M5x0.8, M6x1.0, M8x1.25, M10x1.5, M12x1.75). 1 porte-fili\u00e8res (25mm). 1 tourne-\u00e0 gauche (M3~M12). 1 tournevis plat pour le serrage des fili\u00e8res. 1 jauge \u00e0 filet.\" \/>\n<meta property=\"og:url\" content=\"https:\/\/arcada.fr\/Salaise\/product\/coffret-de-tarauds-filieres-et-porte-outils-16-pieces\/\" \/>\n<meta property=\"og:site_name\" content=\"Magasin de bricolage\" \/>\n<meta property=\"article:modified_time\" content=\"2024-05-07T14:38:20+00:00\" \/>\n<meta property=\"og:image\" content=\"https:\/\/arcada.fr\/Salaise\/wp-content\/uploads\/2024\/05\/R126030.jpg\" \/>\n\t<meta property=\"og:image:width\" content=\"800\" \/>\n\t<meta property=\"og:image:height\" content=\"800\" \/>\n\t<meta property=\"og:image:type\" content=\"image\/jpeg\" \/>\n<meta name=\"twitter:card\" content=\"summary_large_image\" \/>\n<script type=\"application\/ld+json\" class=\"yoast-schema-graph\">{\"@context\":\"https:\/\/schema.org\",\"@graph\":[{\"@type\":\"WebPage\",\"@id\":\"https:\/\/arcada.fr\/Salaise\/product\/coffret-de-tarauds-filieres-et-porte-outils-16-pieces\/\",\"url\":\"https:\/\/arcada.fr\/Salaise\/product\/coffret-de-tarauds-filieres-et-porte-outils-16-pieces\/\",\"name\":\"COFFRET DE TARAUDS, FILI\u00c8RES ET PORTE-OUTILS - 16 PI\u00c8CES | Magasin de bricolage\",\"isPartOf\":{\"@id\":\"https:\/\/arcada.fr\/Salaise\/#website\"},\"primaryImageOfPage\":{\"@id\":\"https:\/\/arcada.fr\/Salaise\/product\/coffret-de-tarauds-filieres-et-porte-outils-16-pieces\/#primaryimage\"},\"image\":{\"@id\":\"https:\/\/arcada.fr\/Salaise\/product\/coffret-de-tarauds-filieres-et-porte-outils-16-pieces\/#primaryimage\"},\"thumbnailUrl\":\"https:\/\/arcada.fr\/Salaise\/wp-content\/uploads\/2024\/05\/R126030.jpg\",\"datePublished\":\"2024-05-07T14:08:12+00:00\",\"dateModified\":\"2024-05-07T14:38:20+00:00\",\"breadcrumb\":{\"@id\":\"https:\/\/arcada.fr\/Salaise\/product\/coffret-de-tarauds-filieres-et-porte-outils-16-pieces\/#breadcrumb\"},\"inLanguage\":\"fr-FR\",\"potentialAction\":[{\"@type\":\"ReadAction\",\"target\":[\"https:\/\/arcada.fr\/Salaise\/product\/coffret-de-tarauds-filieres-et-porte-outils-16-pieces\/\"]}]},{\"@type\":\"ImageObject\",\"inLanguage\":\"fr-FR\",\"@id\":\"https:\/\/arcada.fr\/Salaise\/product\/coffret-de-tarauds-filieres-et-porte-outils-16-pieces\/#primaryimage\",\"url\":\"https:\/\/arcada.fr\/Salaise\/wp-content\/uploads\/2024\/05\/R126030.jpg\",\"contentUrl\":\"https:\/\/arcada.fr\/Salaise\/wp-content\/uploads\/2024\/05\/R126030.jpg\",\"width\":800,\"height\":800},{\"@type\":\"BreadcrumbList\",\"@id\":\"https:\/\/arcada.fr\/Salaise\/product\/coffret-de-tarauds-filieres-et-porte-outils-16-pieces\/#breadcrumb\",\"itemListElement\":[{\"@type\":\"ListItem\",\"position\":1,\"name\":\"Accueil\",\"item\":\"https:\/\/arcada.fr\/Salaise\/\"},{\"@type\":\"ListItem\",\"position\":2,\"name\":\"Produits\",\"item\":\"https:\/\/arcada.fr\/Salaise\/shop\/\"},{\"@type\":\"ListItem\",\"position\":3,\"name\":\"COFFRET DE TARAUDS, FILI\u00c8RES ET PORTE-OUTILS &#8211; 16 PI\u00c8CES\"}]},{\"@type\":\"WebSite\",\"@id\":\"https:\/\/arcada.fr\/Salaise\/#website\",\"url\":\"https:\/\/arcada.fr\/Salaise\/\",\"name\":\"Magasin de bricolage\",\"description\":\"L&#039;outillage, notre passion !\",\"potentialAction\":[{\"@type\":\"SearchAction\",\"target\":{\"@type\":\"EntryPoint\",\"urlTemplate\":\"https:\/\/arcada.fr\/Salaise\/?s={search_term_string}\"},\"query-input\":{\"@type\":\"PropertyValueSpecification\",\"valueRequired\":true,\"valueName\":\"search_term_string\"}}],\"inLanguage\":\"fr-FR\"}]}<\/script>\n<!-- \/ Yoast SEO plugin. -->","yoast_head_json":{"title":"COFFRET DE TARAUDS, FILI\u00c8RES ET PORTE-OUTILS - 16 PI\u00c8CES | Magasin de bricolage","robots":{"index":"index","follow":"follow","max-snippet":"max-snippet:-1","max-image-preview":"max-image-preview:large","max-video-preview":"max-video-preview:-1"},"canonical":"https:\/\/arcada.fr\/Salaise\/product\/coffret-de-tarauds-filieres-et-porte-outils-16-pieces\/","og_locale":"fr_FR","og_type":"article","og_title":"COFFRET DE TARAUDS, FILI\u00c8RES ET PORTE-OUTILS - 16 PI\u00c8CES | Magasin de bricolage","og_description":"Coffret tarauds et fili\u00e8resAcier \u00e0 haute teneur en carbone SK5. 7 tarauds (M3x0.5, M4x0.7, M5x0.8, M6x1.0, M8x1.25, M10x1.5, M12x1.75). 7 fili\u00e8res (M3x0.5, M4x0.7, M5x0.8, M6x1.0, M8x1.25, M10x1.5, M12x1.75). 1 porte-fili\u00e8res (25mm). 1 tourne-\u00e0 gauche (M3~M12). 1 tournevis plat pour le serrage des fili\u00e8res. 1 jauge \u00e0 filet.","og_url":"https:\/\/arcada.fr\/Salaise\/product\/coffret-de-tarauds-filieres-et-porte-outils-16-pieces\/","og_site_name":"Magasin de bricolage","article_modified_time":"2024-05-07T14:38:20+00:00","og_image":[{"width":800,"height":800,"url":"https:\/\/arcada.fr\/Salaise\/wp-content\/uploads\/2024\/05\/R126030.jpg","type":"image\/jpeg"}],"twitter_card":"summary_large_image","schema":{"@context":"https:\/\/schema.org","@graph":[{"@type":"WebPage","@id":"https:\/\/arcada.fr\/Salaise\/product\/coffret-de-tarauds-filieres-et-porte-outils-16-pieces\/","url":"https:\/\/arcada.fr\/Salaise\/product\/coffret-de-tarauds-filieres-et-porte-outils-16-pieces\/","name":"COFFRET DE TARAUDS, FILI\u00c8RES ET PORTE-OUTILS - 16 PI\u00c8CES | Magasin de bricolage","isPartOf":{"@id":"https:\/\/arcada.fr\/Salaise\/#website"},"primaryImageOfPage":{"@id":"https:\/\/arcada.fr\/Salaise\/product\/coffret-de-tarauds-filieres-et-porte-outils-16-pieces\/#primaryimage"},"image":{"@id":"https:\/\/arcada.fr\/Salaise\/product\/coffret-de-tarauds-filieres-et-porte-outils-16-pieces\/#primaryimage"},"thumbnailUrl":"https:\/\/arcada.fr\/Salaise\/wp-content\/uploads\/2024\/05\/R126030.jpg","datePublished":"2024-05-07T14:08:12+00:00","dateModified":"2024-05-07T14:38:20+00:00","breadcrumb":{"@id":"https:\/\/arcada.fr\/Salaise\/product\/coffret-de-tarauds-filieres-et-porte-outils-16-pieces\/#breadcrumb"},"inLanguage":"fr-FR","potentialAction":[{"@type":"ReadAction","target":["https:\/\/arcada.fr\/Salaise\/product\/coffret-de-tarauds-filieres-et-porte-outils-16-pieces\/"]}]},{"@type":"ImageObject","inLanguage":"fr-FR","@id":"https:\/\/arcada.fr\/Salaise\/product\/coffret-de-tarauds-filieres-et-porte-outils-16-pieces\/#primaryimage","url":"https:\/\/arcada.fr\/Salaise\/wp-content\/uploads\/2024\/05\/R126030.jpg","contentUrl":"https:\/\/arcada.fr\/Salaise\/wp-content\/uploads\/2024\/05\/R126030.jpg","width":800,"height":800},{"@type":"BreadcrumbList","@id":"https:\/\/arcada.fr\/Salaise\/product\/coffret-de-tarauds-filieres-et-porte-outils-16-pieces\/#breadcrumb","itemListElement":[{"@type":"ListItem","position":1,"name":"Accueil","item":"https:\/\/arcada.fr\/Salaise\/"},{"@type":"ListItem","position":2,"name":"Produits","item":"https:\/\/arcada.fr\/Salaise\/shop\/"},{"@type":"ListItem","position":3,"name":"COFFRET DE TARAUDS, FILI\u00c8RES ET PORTE-OUTILS &#8211; 16 PI\u00c8CES"}]},{"@type":"WebSite","@id":"https:\/\/arcada.fr\/Salaise\/#website","url":"https:\/\/arcada.fr\/Salaise\/","name":"Magasin de bricolage","description":"L&#039;outillage, notre passion !","potentialAction":[{"@type":"SearchAction","target":{"@type":"EntryPoint","urlTemplate":"https:\/\/arcada.fr\/Salaise\/?s={search_term_string}"},"query-input":{"@type":"PropertyValueSpecification","valueRequired":true,"valueName":"search_term_string"}}],"inLanguage":"fr-FR"}]}},"_links":{"self":[{"href":"https:\/\/arcada.fr\/Salaise\/wp-json\/wp\/v2\/product\/6064","targetHints":{"allow":["GET"]}}],"collection":[{"href":"https:\/\/arcada.fr\/Salaise\/wp-json\/wp\/v2\/product"}],"about":[{"href":"https:\/\/arcada.fr\/Salaise\/wp-json\/wp\/v2\/types\/product"}],"replies":[{"embeddable":true,"href":"https:\/\/arcada.fr\/Salaise\/wp-json\/wp\/v2\/comments?post=6064"}],"wp:featuredmedia":[{"embeddable":true,"href":"https:\/\/arcada.fr\/Salaise\/wp-json\/wp\/v2\/media\/6063"}],"wp:attachment":[{"href":"https:\/\/arcada.fr\/Salaise\/wp-json\/wp\/v2\/media?parent=6064"}],"wp:term":[{"taxonomy":"product_brand","embeddable":true,"href":"https:\/\/arcada.fr\/Salaise\/wp-json\/wp\/v2\/product_brand?post=6064"},{"taxonomy":"product_cat","embeddable":true,"href":"https:\/\/arcada.fr\/Salaise\/wp-json\/wp\/v2\/product_cat?post=6064"},{"taxonomy":"product_tag","embeddable":true,"href":"https:\/\/arcada.fr\/Salaise\/wp-json\/wp\/v2\/product_tag?post=6064"}],"curies":[{"name":"wp","href":"https:\/\/api.w.org\/{rel}","templated":true}]}}