{"id":7264,"date":"2024-05-07T14:18:36","date_gmt":"2024-05-07T14:18:36","guid":{"rendered":"https:\/\/arcada.fr\/Salaise\/product\/pistolet-a-colle-sans-fil-te-sg-18-28-li-solo\/"},"modified":"2025-04-07T15:49:55","modified_gmt":"2025-04-07T15:49:55","slug":"pistolet-a-colle-sans-fil-te-sg-18-28-li-solo","status":"publish","type":"product","link":"https:\/\/arcada.fr\/Salaise\/product\/pistolet-a-colle-sans-fil-te-sg-18-28-li-solo\/","title":{"rendered":"PISTOLET \u00c0 COLLE SANS FIL TE-SG 18\/28 LI &#8211; SOLO"},"content":{"rendered":"","protected":false},"excerpt":{"rendered":"<p>Force de pouss\u00e9e \u00e9lev\u00e9e jusqu\u2019\u00e0 2 000 N<br \/>Pistolet \u00e0 cartouche sans fil pour cartouches de 310 ml<br \/>Puissante lampe LED pour une visibilit\u00e9 optimale sur la zone de travail<br \/>Vitesse adaptable \u00e0 diff\u00e9rents mat\u00e9riaux et quantit\u00e9s<br \/>Vitesse de pouss\u00e9e r\u00e9glable via la molette et la g\u00e2chette<br \/>M\u00e9canisme de retrait \u00e9vitant l\u2019\u00e9coulement<br \/><button type=submit\"><a href=\"\/wp-content\/uploads\/fich-tech\/R249595.pdf\" target=\"_blank\" rel=\"noopener\">Fiche Technique<\/a><\/button><\/p>\n","protected":false},"featured_media":7263,"comment_status":"open","ping_status":"closed","template":"","meta":[],"product_brand":[],"product_cat":[67],"product_tag":[],"class_list":{"0":"post-7264","1":"product","2":"type-product","3":"status-publish","4":"has-post-thumbnail","6":"product_cat-atelier","8":"first","9":"instock","10":"shipping-taxable","11":"purchasable","12":"product-type-simple"},"yoast_head":"<!-- This site is optimized with the Yoast SEO plugin v27.2 - https:\/\/yoast.com\/product\/yoast-seo-wordpress\/ -->\n<title>PISTOLET \u00c0 COLLE SANS FIL TE-SG 18\/28 LI - SOLO | Magasin de bricolage<\/title>\n<meta name=\"robots\" content=\"index, follow, max-snippet:-1, max-image-preview:large, max-video-preview:-1\" \/>\n<link rel=\"canonical\" href=\"https:\/\/arcada.fr\/Salaise\/product\/pistolet-a-colle-sans-fil-te-sg-18-28-li-solo\/\" \/>\n<meta property=\"og:locale\" content=\"fr_FR\" \/>\n<meta property=\"og:type\" content=\"article\" \/>\n<meta property=\"og:title\" content=\"PISTOLET \u00c0 COLLE SANS FIL TE-SG 18\/28 LI - SOLO | Magasin de bricolage\" \/>\n<meta property=\"og:description\" content=\"Force de pouss\u00e9e \u00e9lev\u00e9e jusqu\u2019\u00e0 2 000 NPistolet \u00e0 cartouche sans fil pour cartouches de 310 mlPuissante lampe LED pour une visibilit\u00e9 optimale sur la zone de travailVitesse adaptable \u00e0 diff\u00e9rents mat\u00e9riaux et quantit\u00e9sVitesse de pouss\u00e9e r\u00e9glable via la molette et la g\u00e2chetteM\u00e9canisme de retrait \u00e9vitant l\u2019\u00e9coulement\" \/>\n<meta property=\"og:url\" content=\"https:\/\/arcada.fr\/Salaise\/product\/pistolet-a-colle-sans-fil-te-sg-18-28-li-solo\/\" \/>\n<meta property=\"og:site_name\" content=\"Magasin de bricolage\" \/>\n<meta property=\"article:modified_time\" content=\"2025-04-07T15:49:55+00:00\" \/>\n<meta property=\"og:image\" content=\"https:\/\/arcada.fr\/Salaise\/wp-content\/uploads\/2024\/05\/R249595.jpg\" \/>\n\t<meta property=\"og:image:width\" content=\"800\" \/>\n\t<meta property=\"og:image:height\" content=\"800\" \/>\n\t<meta property=\"og:image:type\" content=\"image\/jpeg\" \/>\n<meta name=\"twitter:card\" content=\"summary_large_image\" \/>\n<script type=\"application\/ld+json\" class=\"yoast-schema-graph\">{\"@context\":\"https:\/\/schema.org\",\"@graph\":[{\"@type\":\"WebPage\",\"@id\":\"https:\/\/arcada.fr\/Salaise\/product\/pistolet-a-colle-sans-fil-te-sg-18-28-li-solo\/\",\"url\":\"https:\/\/arcada.fr\/Salaise\/product\/pistolet-a-colle-sans-fil-te-sg-18-28-li-solo\/\",\"name\":\"PISTOLET \u00c0 COLLE SANS FIL TE-SG 18\/28 LI - SOLO | Magasin de bricolage\",\"isPartOf\":{\"@id\":\"https:\/\/arcada.fr\/Salaise\/#website\"},\"primaryImageOfPage\":{\"@id\":\"https:\/\/arcada.fr\/Salaise\/product\/pistolet-a-colle-sans-fil-te-sg-18-28-li-solo\/#primaryimage\"},\"image\":{\"@id\":\"https:\/\/arcada.fr\/Salaise\/product\/pistolet-a-colle-sans-fil-te-sg-18-28-li-solo\/#primaryimage\"},\"thumbnailUrl\":\"https:\/\/arcada.fr\/Salaise\/wp-content\/uploads\/2024\/05\/R249595.jpg\",\"datePublished\":\"2024-05-07T14:18:36+00:00\",\"dateModified\":\"2025-04-07T15:49:55+00:00\",\"breadcrumb\":{\"@id\":\"https:\/\/arcada.fr\/Salaise\/product\/pistolet-a-colle-sans-fil-te-sg-18-28-li-solo\/#breadcrumb\"},\"inLanguage\":\"fr-FR\",\"potentialAction\":[{\"@type\":\"ReadAction\",\"target\":[\"https:\/\/arcada.fr\/Salaise\/product\/pistolet-a-colle-sans-fil-te-sg-18-28-li-solo\/\"]}]},{\"@type\":\"ImageObject\",\"inLanguage\":\"fr-FR\",\"@id\":\"https:\/\/arcada.fr\/Salaise\/product\/pistolet-a-colle-sans-fil-te-sg-18-28-li-solo\/#primaryimage\",\"url\":\"https:\/\/arcada.fr\/Salaise\/wp-content\/uploads\/2024\/05\/R249595.jpg\",\"contentUrl\":\"https:\/\/arcada.fr\/Salaise\/wp-content\/uploads\/2024\/05\/R249595.jpg\",\"width\":800,\"height\":800},{\"@type\":\"BreadcrumbList\",\"@id\":\"https:\/\/arcada.fr\/Salaise\/product\/pistolet-a-colle-sans-fil-te-sg-18-28-li-solo\/#breadcrumb\",\"itemListElement\":[{\"@type\":\"ListItem\",\"position\":1,\"name\":\"Accueil\",\"item\":\"https:\/\/arcada.fr\/Salaise\/\"},{\"@type\":\"ListItem\",\"position\":2,\"name\":\"Produits\",\"item\":\"https:\/\/arcada.fr\/Salaise\/shop\/\"},{\"@type\":\"ListItem\",\"position\":3,\"name\":\"PISTOLET \u00c0 COLLE SANS FIL TE-SG 18\/28 LI &#8211; SOLO\"}]},{\"@type\":\"WebSite\",\"@id\":\"https:\/\/arcada.fr\/Salaise\/#website\",\"url\":\"https:\/\/arcada.fr\/Salaise\/\",\"name\":\"Magasin de bricolage\",\"description\":\"L&#039;outillage, notre passion !\",\"potentialAction\":[{\"@type\":\"SearchAction\",\"target\":{\"@type\":\"EntryPoint\",\"urlTemplate\":\"https:\/\/arcada.fr\/Salaise\/?s={search_term_string}\"},\"query-input\":{\"@type\":\"PropertyValueSpecification\",\"valueRequired\":true,\"valueName\":\"search_term_string\"}}],\"inLanguage\":\"fr-FR\"}]}<\/script>\n<!-- \/ Yoast SEO plugin. -->","yoast_head_json":{"title":"PISTOLET \u00c0 COLLE SANS FIL TE-SG 18\/28 LI - SOLO | Magasin de bricolage","robots":{"index":"index","follow":"follow","max-snippet":"max-snippet:-1","max-image-preview":"max-image-preview:large","max-video-preview":"max-video-preview:-1"},"canonical":"https:\/\/arcada.fr\/Salaise\/product\/pistolet-a-colle-sans-fil-te-sg-18-28-li-solo\/","og_locale":"fr_FR","og_type":"article","og_title":"PISTOLET \u00c0 COLLE SANS FIL TE-SG 18\/28 LI - SOLO | Magasin de bricolage","og_description":"Force de pouss\u00e9e \u00e9lev\u00e9e jusqu\u2019\u00e0 2 000 NPistolet \u00e0 cartouche sans fil pour cartouches de 310 mlPuissante lampe LED pour une visibilit\u00e9 optimale sur la zone de travailVitesse adaptable \u00e0 diff\u00e9rents mat\u00e9riaux et quantit\u00e9sVitesse de pouss\u00e9e r\u00e9glable via la molette et la g\u00e2chetteM\u00e9canisme de retrait \u00e9vitant l\u2019\u00e9coulement","og_url":"https:\/\/arcada.fr\/Salaise\/product\/pistolet-a-colle-sans-fil-te-sg-18-28-li-solo\/","og_site_name":"Magasin de bricolage","article_modified_time":"2025-04-07T15:49:55+00:00","og_image":[{"width":800,"height":800,"url":"https:\/\/arcada.fr\/Salaise\/wp-content\/uploads\/2024\/05\/R249595.jpg","type":"image\/jpeg"}],"twitter_card":"summary_large_image","schema":{"@context":"https:\/\/schema.org","@graph":[{"@type":"WebPage","@id":"https:\/\/arcada.fr\/Salaise\/product\/pistolet-a-colle-sans-fil-te-sg-18-28-li-solo\/","url":"https:\/\/arcada.fr\/Salaise\/product\/pistolet-a-colle-sans-fil-te-sg-18-28-li-solo\/","name":"PISTOLET \u00c0 COLLE SANS FIL TE-SG 18\/28 LI - SOLO | Magasin de bricolage","isPartOf":{"@id":"https:\/\/arcada.fr\/Salaise\/#website"},"primaryImageOfPage":{"@id":"https:\/\/arcada.fr\/Salaise\/product\/pistolet-a-colle-sans-fil-te-sg-18-28-li-solo\/#primaryimage"},"image":{"@id":"https:\/\/arcada.fr\/Salaise\/product\/pistolet-a-colle-sans-fil-te-sg-18-28-li-solo\/#primaryimage"},"thumbnailUrl":"https:\/\/arcada.fr\/Salaise\/wp-content\/uploads\/2024\/05\/R249595.jpg","datePublished":"2024-05-07T14:18:36+00:00","dateModified":"2025-04-07T15:49:55+00:00","breadcrumb":{"@id":"https:\/\/arcada.fr\/Salaise\/product\/pistolet-a-colle-sans-fil-te-sg-18-28-li-solo\/#breadcrumb"},"inLanguage":"fr-FR","potentialAction":[{"@type":"ReadAction","target":["https:\/\/arcada.fr\/Salaise\/product\/pistolet-a-colle-sans-fil-te-sg-18-28-li-solo\/"]}]},{"@type":"ImageObject","inLanguage":"fr-FR","@id":"https:\/\/arcada.fr\/Salaise\/product\/pistolet-a-colle-sans-fil-te-sg-18-28-li-solo\/#primaryimage","url":"https:\/\/arcada.fr\/Salaise\/wp-content\/uploads\/2024\/05\/R249595.jpg","contentUrl":"https:\/\/arcada.fr\/Salaise\/wp-content\/uploads\/2024\/05\/R249595.jpg","width":800,"height":800},{"@type":"BreadcrumbList","@id":"https:\/\/arcada.fr\/Salaise\/product\/pistolet-a-colle-sans-fil-te-sg-18-28-li-solo\/#breadcrumb","itemListElement":[{"@type":"ListItem","position":1,"name":"Accueil","item":"https:\/\/arcada.fr\/Salaise\/"},{"@type":"ListItem","position":2,"name":"Produits","item":"https:\/\/arcada.fr\/Salaise\/shop\/"},{"@type":"ListItem","position":3,"name":"PISTOLET \u00c0 COLLE SANS FIL TE-SG 18\/28 LI &#8211; SOLO"}]},{"@type":"WebSite","@id":"https:\/\/arcada.fr\/Salaise\/#website","url":"https:\/\/arcada.fr\/Salaise\/","name":"Magasin de bricolage","description":"L&#039;outillage, notre passion !","potentialAction":[{"@type":"SearchAction","target":{"@type":"EntryPoint","urlTemplate":"https:\/\/arcada.fr\/Salaise\/?s={search_term_string}"},"query-input":{"@type":"PropertyValueSpecification","valueRequired":true,"valueName":"search_term_string"}}],"inLanguage":"fr-FR"}]}},"_links":{"self":[{"href":"https:\/\/arcada.fr\/Salaise\/wp-json\/wp\/v2\/product\/7264","targetHints":{"allow":["GET"]}}],"collection":[{"href":"https:\/\/arcada.fr\/Salaise\/wp-json\/wp\/v2\/product"}],"about":[{"href":"https:\/\/arcada.fr\/Salaise\/wp-json\/wp\/v2\/types\/product"}],"replies":[{"embeddable":true,"href":"https:\/\/arcada.fr\/Salaise\/wp-json\/wp\/v2\/comments?post=7264"}],"wp:featuredmedia":[{"embeddable":true,"href":"https:\/\/arcada.fr\/Salaise\/wp-json\/wp\/v2\/media\/7263"}],"wp:attachment":[{"href":"https:\/\/arcada.fr\/Salaise\/wp-json\/wp\/v2\/media?parent=7264"}],"wp:term":[{"taxonomy":"product_brand","embeddable":true,"href":"https:\/\/arcada.fr\/Salaise\/wp-json\/wp\/v2\/product_brand?post=7264"},{"taxonomy":"product_cat","embeddable":true,"href":"https:\/\/arcada.fr\/Salaise\/wp-json\/wp\/v2\/product_cat?post=7264"},{"taxonomy":"product_tag","embeddable":true,"href":"https:\/\/arcada.fr\/Salaise\/wp-json\/wp\/v2\/product_tag?post=7264"}],"curies":[{"name":"wp","href":"https:\/\/api.w.org\/{rel}","templated":true}]}}