{"id":7394,"date":"2024-05-07T14:19:42","date_gmt":"2024-05-07T14:19:42","guid":{"rendered":"https:\/\/arcada.fr\/Salaise\/?post_type=product&#038;p=7394"},"modified":"2025-04-07T15:50:15","modified_gmt":"2025-04-07T15:50:15","slug":"derby-steelite-kumo-s3-noir","status":"publish","type":"product","link":"https:\/\/arcada.fr\/Salaise\/product\/derby-steelite-kumo-s3-noir\/","title":{"rendered":"DERBY STEELITE KUMO S3-NOIR"},"content":{"rendered":"","protected":false},"excerpt":{"rendered":"<p>Chaussure de s\u00e9curit\u00e9 S3 SRC<br \/>Cro\u00fbte de cuir buffle. Semelle acier anti-perforation. Antistatique. Hydrofuge. Antiglisse. Semelle double densit\u00e9. Talon avec absorption d&rsquo;\u00e9nergie. EN ISO 13997 2011 S3. Tailles : basse de 37 \u00e0 49,<br \/><button type=submit\"><a href=\"\/wp-content\/uploads\/fich-tech\/R257536.pdf\" target=\"_blank\" rel=\"noopener\">Fiche Technique<\/a><\/button><\/p>\n","protected":false},"featured_media":7418,"comment_status":"open","ping_status":"closed","template":"","meta":[],"product_brand":[],"product_cat":[1144],"product_tag":[],"class_list":{"0":"post-7394","1":"product","2":"type-product","3":"status-publish","4":"has-post-thumbnail","6":"product_cat-epi","8":"first","9":"instock","10":"shipping-taxable","11":"purchasable","12":"product-type-variable"},"yoast_head":"<!-- This site is optimized with the Yoast SEO plugin v27.2 - https:\/\/yoast.com\/product\/yoast-seo-wordpress\/ -->\n<title>DERBY STEELITE KUMO S3-NOIR | Magasin de bricolage<\/title>\n<meta name=\"robots\" content=\"index, follow, max-snippet:-1, max-image-preview:large, max-video-preview:-1\" \/>\n<link rel=\"canonical\" href=\"https:\/\/arcada.fr\/Salaise\/product\/derby-steelite-kumo-s3-noir\/\" \/>\n<meta property=\"og:locale\" content=\"fr_FR\" \/>\n<meta property=\"og:type\" content=\"article\" \/>\n<meta property=\"og:title\" content=\"DERBY STEELITE KUMO S3-NOIR | Magasin de bricolage\" \/>\n<meta property=\"og:description\" content=\"Chaussure de s\u00e9curit\u00e9 S3 SRCCro\u00fbte de cuir buffle. Semelle acier anti-perforation. Antistatique. Hydrofuge. Antiglisse. Semelle double densit\u00e9. Talon avec absorption d&#039;\u00e9nergie. EN ISO 13997 2011 S3. Tailles : basse de 37 \u00e0 49,\" \/>\n<meta property=\"og:url\" content=\"https:\/\/arcada.fr\/Salaise\/product\/derby-steelite-kumo-s3-noir\/\" \/>\n<meta property=\"og:site_name\" content=\"Magasin de bricolage\" \/>\n<meta property=\"article:modified_time\" content=\"2025-04-07T15:50:15+00:00\" \/>\n<meta property=\"og:image\" content=\"https:\/\/arcada.fr\/Salaise\/wp-content\/uploads\/2024\/05\/R257536.jpg\" \/>\n\t<meta property=\"og:image:width\" content=\"800\" \/>\n\t<meta property=\"og:image:height\" content=\"800\" \/>\n\t<meta property=\"og:image:type\" content=\"image\/jpeg\" \/>\n<meta name=\"twitter:card\" content=\"summary_large_image\" \/>\n<script type=\"application\/ld+json\" class=\"yoast-schema-graph\">{\"@context\":\"https:\/\/schema.org\",\"@graph\":[{\"@type\":\"WebPage\",\"@id\":\"https:\/\/arcada.fr\/Salaise\/product\/derby-steelite-kumo-s3-noir\/\",\"url\":\"https:\/\/arcada.fr\/Salaise\/product\/derby-steelite-kumo-s3-noir\/\",\"name\":\"DERBY STEELITE KUMO S3-NOIR | Magasin de bricolage\",\"isPartOf\":{\"@id\":\"https:\/\/arcada.fr\/Salaise\/#website\"},\"primaryImageOfPage\":{\"@id\":\"https:\/\/arcada.fr\/Salaise\/product\/derby-steelite-kumo-s3-noir\/#primaryimage\"},\"image\":{\"@id\":\"https:\/\/arcada.fr\/Salaise\/product\/derby-steelite-kumo-s3-noir\/#primaryimage\"},\"thumbnailUrl\":\"https:\/\/arcada.fr\/Salaise\/wp-content\/uploads\/2024\/05\/R257536.jpg\",\"datePublished\":\"2024-05-07T14:19:42+00:00\",\"dateModified\":\"2025-04-07T15:50:15+00:00\",\"breadcrumb\":{\"@id\":\"https:\/\/arcada.fr\/Salaise\/product\/derby-steelite-kumo-s3-noir\/#breadcrumb\"},\"inLanguage\":\"fr-FR\",\"potentialAction\":[{\"@type\":\"ReadAction\",\"target\":[\"https:\/\/arcada.fr\/Salaise\/product\/derby-steelite-kumo-s3-noir\/\"]}]},{\"@type\":\"ImageObject\",\"inLanguage\":\"fr-FR\",\"@id\":\"https:\/\/arcada.fr\/Salaise\/product\/derby-steelite-kumo-s3-noir\/#primaryimage\",\"url\":\"https:\/\/arcada.fr\/Salaise\/wp-content\/uploads\/2024\/05\/R257536.jpg\",\"contentUrl\":\"https:\/\/arcada.fr\/Salaise\/wp-content\/uploads\/2024\/05\/R257536.jpg\",\"width\":800,\"height\":800},{\"@type\":\"BreadcrumbList\",\"@id\":\"https:\/\/arcada.fr\/Salaise\/product\/derby-steelite-kumo-s3-noir\/#breadcrumb\",\"itemListElement\":[{\"@type\":\"ListItem\",\"position\":1,\"name\":\"Accueil\",\"item\":\"https:\/\/arcada.fr\/Salaise\/\"},{\"@type\":\"ListItem\",\"position\":2,\"name\":\"Produits\",\"item\":\"https:\/\/arcada.fr\/Salaise\/shop\/\"},{\"@type\":\"ListItem\",\"position\":3,\"name\":\"DERBY STEELITE KUMO S3-NOIR\"}]},{\"@type\":\"WebSite\",\"@id\":\"https:\/\/arcada.fr\/Salaise\/#website\",\"url\":\"https:\/\/arcada.fr\/Salaise\/\",\"name\":\"Magasin de bricolage\",\"description\":\"L&#039;outillage, notre passion !\",\"potentialAction\":[{\"@type\":\"SearchAction\",\"target\":{\"@type\":\"EntryPoint\",\"urlTemplate\":\"https:\/\/arcada.fr\/Salaise\/?s={search_term_string}\"},\"query-input\":{\"@type\":\"PropertyValueSpecification\",\"valueRequired\":true,\"valueName\":\"search_term_string\"}}],\"inLanguage\":\"fr-FR\"}]}<\/script>\n<!-- \/ Yoast SEO plugin. -->","yoast_head_json":{"title":"DERBY STEELITE KUMO S3-NOIR | Magasin de bricolage","robots":{"index":"index","follow":"follow","max-snippet":"max-snippet:-1","max-image-preview":"max-image-preview:large","max-video-preview":"max-video-preview:-1"},"canonical":"https:\/\/arcada.fr\/Salaise\/product\/derby-steelite-kumo-s3-noir\/","og_locale":"fr_FR","og_type":"article","og_title":"DERBY STEELITE KUMO S3-NOIR | Magasin de bricolage","og_description":"Chaussure de s\u00e9curit\u00e9 S3 SRCCro\u00fbte de cuir buffle. Semelle acier anti-perforation. Antistatique. Hydrofuge. Antiglisse. Semelle double densit\u00e9. Talon avec absorption d'\u00e9nergie. EN ISO 13997 2011 S3. Tailles : basse de 37 \u00e0 49,","og_url":"https:\/\/arcada.fr\/Salaise\/product\/derby-steelite-kumo-s3-noir\/","og_site_name":"Magasin de bricolage","article_modified_time":"2025-04-07T15:50:15+00:00","og_image":[{"width":800,"height":800,"url":"https:\/\/arcada.fr\/Salaise\/wp-content\/uploads\/2024\/05\/R257536.jpg","type":"image\/jpeg"}],"twitter_card":"summary_large_image","schema":{"@context":"https:\/\/schema.org","@graph":[{"@type":"WebPage","@id":"https:\/\/arcada.fr\/Salaise\/product\/derby-steelite-kumo-s3-noir\/","url":"https:\/\/arcada.fr\/Salaise\/product\/derby-steelite-kumo-s3-noir\/","name":"DERBY STEELITE KUMO S3-NOIR | Magasin de bricolage","isPartOf":{"@id":"https:\/\/arcada.fr\/Salaise\/#website"},"primaryImageOfPage":{"@id":"https:\/\/arcada.fr\/Salaise\/product\/derby-steelite-kumo-s3-noir\/#primaryimage"},"image":{"@id":"https:\/\/arcada.fr\/Salaise\/product\/derby-steelite-kumo-s3-noir\/#primaryimage"},"thumbnailUrl":"https:\/\/arcada.fr\/Salaise\/wp-content\/uploads\/2024\/05\/R257536.jpg","datePublished":"2024-05-07T14:19:42+00:00","dateModified":"2025-04-07T15:50:15+00:00","breadcrumb":{"@id":"https:\/\/arcada.fr\/Salaise\/product\/derby-steelite-kumo-s3-noir\/#breadcrumb"},"inLanguage":"fr-FR","potentialAction":[{"@type":"ReadAction","target":["https:\/\/arcada.fr\/Salaise\/product\/derby-steelite-kumo-s3-noir\/"]}]},{"@type":"ImageObject","inLanguage":"fr-FR","@id":"https:\/\/arcada.fr\/Salaise\/product\/derby-steelite-kumo-s3-noir\/#primaryimage","url":"https:\/\/arcada.fr\/Salaise\/wp-content\/uploads\/2024\/05\/R257536.jpg","contentUrl":"https:\/\/arcada.fr\/Salaise\/wp-content\/uploads\/2024\/05\/R257536.jpg","width":800,"height":800},{"@type":"BreadcrumbList","@id":"https:\/\/arcada.fr\/Salaise\/product\/derby-steelite-kumo-s3-noir\/#breadcrumb","itemListElement":[{"@type":"ListItem","position":1,"name":"Accueil","item":"https:\/\/arcada.fr\/Salaise\/"},{"@type":"ListItem","position":2,"name":"Produits","item":"https:\/\/arcada.fr\/Salaise\/shop\/"},{"@type":"ListItem","position":3,"name":"DERBY STEELITE KUMO S3-NOIR"}]},{"@type":"WebSite","@id":"https:\/\/arcada.fr\/Salaise\/#website","url":"https:\/\/arcada.fr\/Salaise\/","name":"Magasin de bricolage","description":"L&#039;outillage, notre passion !","potentialAction":[{"@type":"SearchAction","target":{"@type":"EntryPoint","urlTemplate":"https:\/\/arcada.fr\/Salaise\/?s={search_term_string}"},"query-input":{"@type":"PropertyValueSpecification","valueRequired":true,"valueName":"search_term_string"}}],"inLanguage":"fr-FR"}]}},"_links":{"self":[{"href":"https:\/\/arcada.fr\/Salaise\/wp-json\/wp\/v2\/product\/7394","targetHints":{"allow":["GET"]}}],"collection":[{"href":"https:\/\/arcada.fr\/Salaise\/wp-json\/wp\/v2\/product"}],"about":[{"href":"https:\/\/arcada.fr\/Salaise\/wp-json\/wp\/v2\/types\/product"}],"replies":[{"embeddable":true,"href":"https:\/\/arcada.fr\/Salaise\/wp-json\/wp\/v2\/comments?post=7394"}],"wp:featuredmedia":[{"embeddable":true,"href":"https:\/\/arcada.fr\/Salaise\/wp-json\/wp\/v2\/media\/7418"}],"wp:attachment":[{"href":"https:\/\/arcada.fr\/Salaise\/wp-json\/wp\/v2\/media?parent=7394"}],"wp:term":[{"taxonomy":"product_brand","embeddable":true,"href":"https:\/\/arcada.fr\/Salaise\/wp-json\/wp\/v2\/product_brand?post=7394"},{"taxonomy":"product_cat","embeddable":true,"href":"https:\/\/arcada.fr\/Salaise\/wp-json\/wp\/v2\/product_cat?post=7394"},{"taxonomy":"product_tag","embeddable":true,"href":"https:\/\/arcada.fr\/Salaise\/wp-json\/wp\/v2\/product_tag?post=7394"}],"curies":[{"name":"wp","href":"https:\/\/api.w.org\/{rel}","templated":true}]}}